vert -21752042 (base 8) to base 11.
-2725790
Convert -11110100011001010011000 (base 2) to base 4.
-132203022120
-92249 (base 13) to base 12
-107642
-210253123 (base 6) to base 4
-31332001023
What is -13047e (base 16) in base 14?
-2462bc
Convert 1623020 (base 7) to base 15.
4670b
2b3042 (base 12) to base 4
2302131302
110311 (base 11) to base 6
3435043
Convert -a5154 (base 12) to base 9.
-358521
Convert 61225 (base 13) to base 6.
3421124
11004204004 (base 5) to base 16
b3dee4
7235313 (base 9) to base 7
44552541
What is -880d (base 16) in base 6?
-425125
34dc0b (base 15) to base 16
268feb
Convert -2200110120 (base 3) to base 4.
-30321123
What is -222220220201 (base 3) in base 16?
-81601
What is 1102221012212 (base 3) in base 10?
766337
1358290 (base 10) to base 4
11023213102
What is -36455 (base 10) in base 14?
-d3dd
What is -1664522 (base 9) in base 16?
-e2aba
-29506 (base 15) to base 12
-649b0
3c662 (base 14) to base 13
53033
557813 (base 11) to base 2
11011000111110110111
What is 11341505 (base 7) in base 5?
224024220
-266353 (base 8) to base 4
-112303223
What is 2110210011 (base 3) in base 13?
19210
Convert 11222435 (base 6) to base 4.
1110103313
-7375622 (base 10) to base 13
-16b3197
What is -769653 (base 11) in base 16?
-12bcbe
Convert 2240201 (base 5) to base 16.
9c73
Convert -4326124 (base 8) to base 12.
-47a330
-21001112021 (base 3) to base 14
-38891
Convert -10001111122122 (base 3) to base 16.
-18c797
cc1052 (base 13) to base 3
100000220001202
Convert 2020012100022 (base 3) to base 8.
4412154
-12c9a (base 16) to base 9
-126504
-7a6205 (base 11) to base 14
-2552b6
What is 3011111012 (base 4) in base 16?
c5546
Convert 11001110011110 (base 2) to base 3.
200010102
2705036 (base 9) to base 7
15402405
Convert -11111110120 (base 3) to base 4.
-111213210
What is 197257 (base 10) in base 2?
110000001010001001
What is 8626558 (base 11) in base 8?
71712032
Convert -1c83c (base 14) to base 6.
-1321450
17223a (base 11) to base 4
1001003311
22556461 (base 7) to base 13
544732
What is -15201045 (base 7) in base 6?
-50553230
Convert 271261 (base 11) to base 8.
1500365
Convert 1324306 (base 7) to base 13.
614c2
200897 (base 12) to base 9
840357
34ab59 (base 14) to base 9
3337676
-15401305 (base 6) to base 3
-1000200010012
Convert 1411dd (base 15) to base 4.
3223300303
-2bcc5 (base 13) to base 10
-83478
Convert -1431412 (base 5) to base 7.
-154066
Convert 412230 (base 5) to base 16.
3480
-23312123132 (base 4) to base 7
-35255633
Convert -405548 (base 14) to base 5.
-1023303220
What is 1a04c4 (base 13) in base 14?
1319b5
Convert a75083 (base 14) to base 13.
12328c7
Convert -1570717 (base 8) to base 7.
-3603610
214421341 (base 5) to base 9
1675658
Convert 1166017 (base 8) to base 6.
10525223
What is 1160798 (base 11) in base 15?
29de0c
-68618 (base 9) to base 2
-1011001010000101
11010101100011001001 (base 2) to base 3
1122102212012
Convert 147214 (base 11) to base 3.
102122101111
Convert -4640030 (base 8) to base 13.
-352307
-11101100100011 (base 2) to base 10
-15139
What is 10001010010001101001011 (base 2) in base 8?
21221513
20010244 (base 5) to base 10
156949
-265906 (base 10) to base 13
-94054
Convert 2b6dab (base 16) to base 12.
b5308b
What is 222b5b8 (base 14) in base 8?
75754276
b47820 (base 13) to base 2
10000000101000110111000
-69c72c (base 14) to base 10
-3607028
What is 4a2448 (base 11) in base 14?
16940c
What is -1210438 (base 12) in base 14?
-673496
Convert -104125556 (base 8) to base 15.
-187eabd
-22511344 (base 6) to base 9
-1266531
What is -3338671 (base 9) in base 2?
-110110110110110011111
What is -10012011232 (base 4) in base 12?
-4392ba
ac756 (base 13) to base 14
82216
What is -1a9aaa (base 15) in base 4?
-10330333222
Convert -15429 (base 10) to base 2.
-11110001000101
Convert 6cb967 (base 14) to base 4.
32030030213
Convert -131303003101 (base 4) to base 7.
-123252262
Convert -1df7cf (base 16) to base 13.
-539c28
-32575353 (base 8) to base 7
-113410245
1111001011101010010001 (base 2) to base 13
a946aa
-1034243122 (base 6) to base 9
-22836355
47462775 (base 8) to base 2
100111100110010111111101
Convert 1142423010 (base 5) to base 7.
31651321
Convert 1615623 (base 7) to base 4.
312123012
Convert -535547 (base 13) to base 4.
-13131003311
What is -313541312 (base 6) in base 12?
-1a14838
What is 8a491 (base 11) in base 15?
28c4c
-a98c84 (base 14) to base 15
-78836e
-2255668 (base 10) to base 11
-1300798
Convert 322883 (base 12) to base 16.
c1863
Convert -16332112 (base 7) to base 9.
-2880047
Convert 14e16 (base 16) to base 12.
415b2
-166ca7 (base 14) to base 3
-1110222221122
What is 4841f (base 16) in base 6?
10202115
-72090 (base 14) to base 13
-97c55
What is 3778c1 (base 13) in base 16?
144e06
160207 (base 9) to base 3
12000020021
What is -111100000100011111101 (base 2) in base 3?
-10201000010000
What is -3998760 (base 10) in base 13?
-aa013c
Convert -122000101212101 (base 3) to base 16.
-89f9f2
6518ab (base 13) to base 2
1001000011101001101101
What is -122524 (base 10) in base 5?
-12410044
-19770 (base 13) to base 4
-30013020
Convert -13496d (base 16) to base 15.
-19e7a6
What is -d8287 (base 14) in base 11?
-3270a9
5118866 (base 11) to base 13
1b490a6
-570005 (base 8) to base 16
-2f005
-4861830 (base 12) to base 15
-137b769
Convert 19a47d (base 16) to base 5.
412234014
Convert -5062516 (base 7) to base 12.
-251377
Convert -32a77 (base 12) to base 9.
-112151
-1554463 (base 8) to base 6
-13341511
What is 585278 (base 12) in base 9?
2602532
What is -320320012 (base 4) in base 8?
-707006
Convert 7a5dd (base 16) to base 7.
4155156
What is -21615651 (base 9) in base 11?
-59a6623
23334004 (base 5) to base 11
137495
What is a3651 (base 12) in base 5?
23312334
-101111101000101101 (base 2) to base 8
-575055
What is 2263b (base 12) in base 4?
23030033
What is -5a57c (base 13) in base 4?
-220131123
Convert 15419 (base 11) to base 5.
1144200
What is -900b2 (base 14) in base 3?
-122120111010
Convert 21012000002 (base 3) to base 2.
100010100001110100
What is 91aa42 (base 11) in base 13?
3ca067
Convert 633112 (base 7) to base 12.
531a4
What is 1110011100111111001111 (base 2) in base 6?
213112303
What is -6b99 (base 14) in base 2?
-100100101000011
What is -18463b2 (base 12) in base 16?
-4d5eb6
Convert -202210121 (base 3) to base 6.
-154111
What is -944334 (base 14) in base 7?
-60355564
-205554514 (base 6) to base 12
-1275a3a
What is 1111010010000011000101 (base 2) in base 3?
21112112022112
-2236347 (base 8) to base 4
-2103303213
-179b07c (base 15) to base 7
-266122125
Convert -12313102 (base 4) to base 15.
-84e4
Convert 34442133 (base 5) to base 10.
312168
Convert -2244004232 (base 5) to base 7.
-61015062
56484 (base 11) to base 9
134142
Convert -59627 (base 11) to base 12.
-41897
Convert -8fa83 (base 16) to base 3.
-1002220011022
Convert -1102555 (base 7) to base 8.
-410403
1112122022 (base 3) to base 12
15698
What is -916507 (base 12) in base 8?
-10524127
Convert -568541 (base 10) to base 16.
-8acdd
3676a3 (base 15) to base 2
1001111100011110011011
Convert -12434414 (base 5) to base 11.
-85484
Convert -120311210 (base 4) to base 10.
-101732
-424a103 (base 13) to base 9
-41876240
Convert -12100100111 (base 3) to base 4.
-121230100
What is 8630b (base 12) in base 14?
48575
Convert -19b9b (base 13) to base 16.
-c491
Convert 13433524 (base 6) to base 2.
1101111010000111100
29a7a0 (base 16) to base 3
12010200200222
Convert -16ae15 (base 15) to base 13.
-2c691b
Convert 167c4 (base 13) to base 6.
531250
Convert 8cdc5 (base 14) to base 7.
2625635
Convert -11627 (base 16) to base 13.
-26546
Convert -213032331011 (base 4) to base 2.
-100111001110111101000101
What is -18baaa1 (base 14) in base 6?
-1115143301
What is -1110110001101 (base 2) in base 7?
-31025
What is 11134213131 (base 5) in base 10?
12413541
What is 2101210000202 (base 3) in base 15?
1a2bcb
Convert -21563722 (base 8) to base 12.
-16811aa
Convert -11332133 (base 5) to base 10.
-105293
What is -1522508 (base 9) in base 16?
-cd7cf
Convert -3421313 (base 8) to base 3.
-1202001210112
65222603 (base 8) to base 14
1bd8935
Convert 59b89 (base 13) to base 2.
101000001011000110
Convert -38a8d (base 15) to base 4.
-230100022
-20011220120 (base 3) to base 11
-83466
What is 61001 (base 11) in base 3?
1111202